. List the prime factors of d.
3, 19
Let s(b) be the first derivative of -b**3/3 - 3*b**2 - 2*b + 3. Let c be s(-5). What are the prime factors of (c - 17/2)*-4?
2, 11
What are the prime factors of 103/(1/1) + 2?
3, 5, 7
Let k be ((-12)/10)/(6/60). Let i = k - -14. List the prime factors of i.
2
Let s(y) = -3*y + 5. Let t(l) = 2 - 1 - 4*l + 5. Let q(g) = -5*s(g) + 4*t(g). List the prime factors of q(-5).
2
Suppose 32 = -2*b - 2*c, -b = 7*c - 2*c + 8. Let a = 33 + b. What are the prime factors of a?
3, 5
Let n = 2 + 2. Suppose -n*c - 4*s = -s - 69, 3*s - 51 = -3*c. What are the prime factors of c?
2, 3
Let m be 21 - 9/3 - -1. Suppose -4*i + 37 = -m. List the prime factors of i.
2, 7
Let s be 73 + -6*6/(-9). What are the prime factors of 22/s + 383/7?
5, 11
Let p = 2 + -6. Suppose 0 = -5*r + 3*r + 20. Let c = p + r. List the prime factors of c.
2, 3
What are the prime factors of (-20)/25 - (-2937)/15?
3, 5, 13
Let l be (14 - 2) + 4/(-2). Let c = -26 - -48. Let v = c - l. What are the prime factors of v?
2, 3
Suppose 5*h - 414 = -4*h. List the prime factors of h.
2, 23
Suppose 0 = 3*v - 5*n - 228, v - 6*v + 408 = n. What are the prime factors of v?
3
Suppose 3*j - 69 = -3*d, -4*j - 5*d + 72 = -6*d. List the prime factors of j.
19
Let s(u) = u**3 - 3*u**2 - u - 3. Let f be s(3). Let i(q) = -3*q - 3. List the prime factors of i(f).
3, 5
Let r(i) = -i**3 + 5*i**2 - 3. Let n be r(6). Let l = -23 - n. What are the prime factors of l?
2
Let r = -3 + 5. Suppose -2*h = 2*m + 4 - 26, -r*m - 5*h = -25. What are the prime factors of m?
2, 5
Let q(m) = 13*m**2 + m. Let d be q(-1). Suppose -d = -2*a - a, 96 = 5*p - a. Suppose -t - 3*l + 15 = 0, 4*t + 2*l - p = -0*l. What are the prime factors of t?
3
Let i = 23 + -14. Let w = -18 + i. What are the prime factors of (w/(-6))/(4/32)?
2, 3
Let s be -9*(10/(-3))/5. Suppose -5 - s = -m. What are the prime factors of m?
11
Let v(r) = 2*r - 1. Let k(c) = -c**2 + 10*c - 3. Let n be k(9). Let x be (-2 - n)*(-5)/4. What are the prime factors of v(x)?
19
Let o(a) = 34*a**2 - 3 + 1 + 2*a - 24*a**2. List the prime factors of o(1).
2, 5
Let f(z) be the first derivative of z**3/3 + 5*z**2/2 + 4*z + 6. List the prime factors of f(-7).
2, 3
Let p(d) = 6*d + 41. List the prime factors of p(13).
7, 17
Let z(c) = 5*c - 13. What are the prime factors of z(16)?
67
Suppose 3*z - 283 = -22. Suppose -3*x + 6*x - z = 0. What are the prime factors of x?
29
What are the prime factors of (1 - -13) + 1*-3?
11
Let r = 0 - -3. Suppose -2*l = 2*k - 36, -r*k + k + l = -30. What are the prime factors of k?
2
Let m(x) = x**2 + 11*x + 10. Let j be m(-10). Let q(d) = -2*d + 46. What are the prime factors of q(j)?
2, 23
Suppose -66 - 18 = -3*i. What are the prime factors of i?
2, 7
Suppose -2*u = -38 - 72. Suppose 0 = -7*x + 2*x - u. Let l = -4 - x. List the prime factors of l.
7
Let g(p) = -p - 4. Let a be g(-8). Suppose d = a*n - 5*n, 3*d + 3 = 0. Suppose 11 + n = t. What are the prime factors of t?
2, 3
Let k = 6 + -9. Let t = k + -2. List the prime factors of (-156)/(-15) - (-2)/t.
2, 5
Suppose -v = -3*u + 19, 2*v = 3*u - 2*u + 2. List the prime factors of u.
2
Suppose -3*j + 5*k + 733 = 0, 0 = 4*j + 4*k - 996 + 8. List the prime factors of j.
2, 3, 41
Let y = 3 - 3. Let w be y*(-1)/(-1) - 1. What are the prime factors of (-6)/4*4/w?
2, 3
Let f = 2 - 2. Let x(w) = -w**2 + w + 4. Let y be x(f). Suppose -y*d = -35 - 5. List the prime factors of d.
2, 5
Suppose -g - 3*g - 31 = 5*n, 9 = -3*n. Let x = 2 + g. Let i(r) = -4*r - 3. What are the prime factors of i(x)?
5
Suppose -2 - 6 = -2*r. List the prime factors of ((-28)/16)/((-1)/r).
7
Suppose 21 + 134 = 5*v. What are the prime factors of v?
31
What are the prime factors of 7 - 1*(2 - 5)?
2, 5
Let l = 160 + -109. What are the prime factors of l?
3, 17
Let a(k) = -k**2 + 5*k - 1. Let f be a(4). Suppose -8 - 4 = -f*m. Suppose -m*i + 10 + 2 = 0. List the prime factors of i.
3
Suppose 4*q + 4 = 8*q. Let u(r) = 19*r**3 + 2*r**2 - r. What are the prime factors of u(q)?
2, 5
Let g be (53/(-4))/((-3)/12). Suppose -2*j + g - 1 = 0. List the prime factors of j.
2, 13
Suppose 0 = -3*j + 5*j - 288. What are the prime factors of j?
2, 3
Suppose a - 35 = t, 2*t + 6 + 0 = 0. Suppose 2*q - 162 + a = 0. Suppose -40 = -3*z - 4*b, -3*z - b + q = -2*b. What are the prime factors of z?
2, 5
List the prime factors of ((-51)/(-6))/((-1)/(-6)).
3, 17
Let l(a) = a + 3*a - 4*a**2 + 2*a**2 + 3*a**2. List the prime factors of l(-6).
2, 3
Let j(b) = -58*b**3 + b + 2. What are the prime factors of j(-1)?
59
Let n(d) = 14*d**2 - 2*d - 4. What are the prime factors of n(-2)?
2, 7
Let x(u) = u**3 + 11*u**2 - 6*u. List the prime factors of x(-6).
2, 3
What are the prime factors of (-477)/(-5)*50/15?
2, 3, 53
Suppose -r = 3*r - 20. Suppose -2*d + 7*d - r = 0. Let n = 4 + d. List the prime factors of n.
5
Let o be (-3 - (-3 - -1)) + 4. Let p be -2 + 5 + (-1)/1. Suppose 0 = q + p, 0*y - 2*q + 2 = o*y. What are the prime factors of y?
2
Let l(j) = j**2 + 2*j. Let n be l(-3). Suppose -x = -3*c + 31, n*x - 7 = 2*c - 30. List the prime factors of c.
2, 5
Suppose 0 = -5*y + 2*y + 15. Suppose 72 = y*f - f. List the prime factors of f.
2, 3
Let w(f) = 6*f - 4. Let x be w(6). Suppose 0 = 6*g + g - 56. Suppose c + 2*c = -2*b + x, 4*b - g = c. What are the prime factors of c?
2
Suppose 4*y = 5*w + y - 33, -3*y + 21 = 4*w. Let n = w - 3. Suppose -39 = -4*v - n. What are the prime factors of v?
3
Suppose 4*y - y = -j + 2, -4*j = 2*y - 8. Let q = -139 + 199. Suppose -2*u - 3*u + q = y. What are the prime factors of u?
2, 3
Let b = -77 + 237. List the prime factors of b.
2, 5
Suppose -3*p + a + 38 + 19 = 0, p + a - 23 = 0. List the prime factors of p.
2, 5
Let i(v) = 6*v - 7. List the prime factors of i(5).
23
Let h = -67 - -263. List the prime factors of h.
2, 7
Let d(w) = 74*w**3 + w. List the prime factors of d(1).
3, 5
Suppose 0 = -3*m - 0 + 6. Let z be (m/(-5))/(1/(-5)). Suppose -z*g + l = -3*g + 1, -5*g + 3*l = -29. What are the prime factors of g?
2
Let x(u) = 11*u + u**2 - 3*u**2 + 6 + 0*u + u**2. List the prime factors of x(10).
2
Let v(r) = -11*r + 2. Let i(o) = o. Let w be i(-2). What are the prime factors of v(w)?
2, 3
Let u be (-2)/(-8) + (-2)/8. Suppose -2*t + 4*r = -32, -4*t - 6 = 4*r - 46. Let z = u + t. What are the prime factors of z?
2, 3
Let g(m) = -m**3 + 14*m**2 - 19*m + 12. Let h be g(12). Let f = h - 48. List the prime factors of f.
2, 3
Suppose 45 = -7*v + 12*v. Let w = v - -8. What are the prime factors of w?
17
Let o(d) = -d**3 - 2*d**2 + 11*d + 34. List the prime factors of o(-8).
2, 3, 5, 11
Let h(p) = p**3 + 10*p**2 - p + 2. Let u(f) = -59*f**3 + 2*f**2 + f. Let m be u(-1). Let z be (-1)/(-3*(-2)/m). List the prime factors of h(z).
2, 3
Suppose 0 = -0*t + 3*t - 141. List the prime factors of t.
47
Suppose -5*p + p + 124 = 0. List the prime factors of p.
31
Suppose 3*c + 15 = 2*b, 3*b - 4*b + 18 = -5*c. Suppose b*w = 4*w. Suppose w*x = 4*x - 20. What are the prime factors of x?
5
Suppose 0 = 3*u + 10*u - 4589. List the prime factors of u.
353
Suppose 6 + 8 = 2*i. Suppose v = -5 - i. List the prime factors of 1/(21/v - -2).
2
Suppose 0*w + 1 = g - 3*w, 0 = 3*g + 3*w - 3. List the prime factors of 21 - (0/g - 1).
2, 11
Let g = 44 - -38. List the prime factors of g.
2, 41
Suppose -k - 2*x + 96 = 0, -7*k + 5*x = -5*k - 165. What are the prime factors of k?
2, 3, 5
Let r = -4 - -8. Let a(o) be the third derivative of o**5/60 - o**4/12 - o**3/6 + 7*o**2. List the prime factors of a(r).
7
Let l = -4 - -6. Suppose -k - 2 - 7 = l*q, 0 = -q + 3*k + 13. List the prime factors of -1 + 1 + 7 + q.
5
Let x be (-8)/(-3) + 1/3. Suppose 0 = -4*w + x*w - 1. Let k(n) = -15*n**3 + n**2 + n. List the prime factors of k(w).
3, 5
Suppose -3*t = -5*h + 29, -25 = -5*h + 5*t - 0*t. What are the prime factors of h?
7
Suppose 2*i - 3*i + 4 = 2*q, 0 = 3*i + 6. Let x(u) = -2 + q*u + u - 6 + 3*u**2 - 2*u**2. What are the prime factors of x(-7)?
13
Let z(u) = -u**3 - 3*u**2 + 7*u + 6. Let d be 3/1*(-40)/24. What are the prime factors of z(d)?
3, 7
Suppose -5*b = -54 + 34. Suppose 4*c + d = 12, 2*c + 0*d - 3*d - 6 = 0. Suppose -6*g - 63 = -b*p - 3*g, 5*g + c = p. What are the prime factors of p?
2, 3
Suppose 0 = u + 14 - 34. What are the prime fact